 56?
4
Suppose -59*i + 43*i + 35498 = -15046. What is the greatest common divisor of i and 936?
117
Let a(d) = -d**2 + 10*d - 6. Let c be a(8). Let t(x) = 4*x**2 + 2*x - 1. Let p be t(c). Suppose p - 119 = 3*w. Calculate the highest common divisor of w and 40.
20
Let d = -1223 + 1262. What is the highest common divisor of d and 7254?
39
Let d(r) be the second derivative of r**5/10 - 17*r**4/12 - 4*r**3/3 - 3*r**2/2 - 14*r - 2. Let m be d(9). What is the greatest common factor of 786 and m?
6
Suppose 30*w = -574 + 994. Let c be (-36)/24*1176/(-9). Calculate the greatest common factor of w and c.
14
Let b = 15 + -30. Let c be (-30)/55 + (-606)/(-22). Let u = b + c. Calculate the highest common divisor of 16 and u.
4
Let f = 80 + -78. Let s = 55 + -51. What is the greatest common divisor of s and f?
2
Let r(n) = 93*n**2 - 58*n + 8. Let v be r(-2). Calculate the highest common factor of 2356 and v.
124
Suppose -19*g = -18*g - 22. Let x = -5840 + 6082. What is the greatest common factor of x and g?
22
Let s be (-71 + -1 + -2)/((-90)/540). Calculate the highest common divisor of s and 7252.
148
Let m = -13867 + 18486. What is the highest common divisor of 124 and m?
31
Let h = -162 + 342. Let d(f) = -f**2 + 26*f - 93. Let y be d(21). Calculate the greatest common factor of h and y.
12
Suppose 62*k - 26269 = -177*k + 288255. What is the greatest common divisor of k and 168?
28
Let b = -39433 - -45026. What is the highest common divisor of 28 and b?
7
Let j = -239 - -242. Let y be 7/7*j/6*10. Calculate the highest common factor of 145 and y.
5
Let d(v) = 3*v + 19. Let c be d(-8). Let k = 3 + c. Let j be ((-1)/k)/((-5)/(-120)). Calculate the greatest common divisor of 36 and j.
12
Suppose 47*v - 1100 = 43*v - 4*f, 0 = -5*v - f + 1391. Let p = 296 - v. Calculate the highest common factor of 289 and p.
17
Suppose 3*p - 26 + 10 = 5*d, -5*p + 5*d = -20. Suppose 401 + 199 = p*o. Calculate the highest common factor of o and 50.
50
Let x be (-2960)/(-25160) - 1/(17/(-508)). Suppose -1676 = -4*d - 296. What is the greatest common factor of d and x?
15
Let b = -35 - -42. Let h(k) = k - 2. Let q be h(b). Suppose -5*u - 4*a = -80, a + 2*a - 75 = -q*u. What is the greatest common factor of 60 and u?
12
Suppose -5*x = -5*s - 25, -3*x + 2*s + 2*s + 15 = 0. Suppose -x*j + 10*j = 220. Let o(u) = u - 2. Let g be o(6). What is the greatest common divisor of g and j?
4
Suppose -396*l + 397*l = 16. Let q be -1 + 0 - (-1 + -2). Suppose -3*a - 6*m + m - 3 = 0, -17 = -q*a + 3*m. Calculate the highest common factor of l and a.
4
Let c be ((-3)/3)/(1/(-25)). Let u = c + 3. Suppose 10412 = 131*v - 2426. What is the highest common divisor of u and v?
14
Suppose 3*g + 5*h - 60 = 567, 0 = -h + 3. What is the highest common divisor of g and 1956?
12
Let d be 184184/276 + (-2)/6. What is the highest common factor of 184 and d?
23
Suppose -3*a + 458 = 2*v, -50*v + 47*v - 5*a + 686 = 0. Let i(z) = z**3 + 5*z**2 - 4*z - 4. Let t be i(-5). Calculate the highest common divisor of t and v.
8
Suppose -3*d = 7*d - 160. Let u be (d/9)/((-6)/(-9))*57. Suppose 4*q - 4*o = 176, u = 4*q + 2*o - 0*o. Calculate the highest common divisor of 5 and q.
5
Suppose -1137 = -5*z + 3*p, 5*z - 1135 = -342*p + 347*p. What is the highest common factor of z and 36?
12
Suppose 3864 = -36*a + 59*a. Calculate the greatest common divisor of a and 7672.
56
Let f(o) = -o**3 + 2*o**2 - 3*o - 2. Let l be f(-3). Let d(p) = -l*p + 30 + 20*p + 24*p. Let u be d(-9). Calculate the highest common factor of 17 and u.
17
Suppose -5 = -o - 2. Suppose -3*p + 4*w = -33 + 4, -3*w - 24 = -o*p. Let v be 0/p + 4 + 14. What is the greatest common divisor of 6 and v?
6
Let o be ((-8)/3 + -2)*38280/(-308). What is the greatest common factor of 1015 and o?
145
Let a be (3 + 2)*172/10. Suppose -4*b + 4*j = -400, -5*b = j - 408 - a. Calculate the highest common divisor of 9 and b.
9
Let l(z) = 8*z. Let t be l(0). Suppose 4*u - 181 = -u + 3*h, -2*h + 6 = t. What is the highest common factor of u and 608?
38
Suppose 4*m - 9 + 1 = 0. Let l(z) = 9*z**m + 12 + 4 - 2*z**3 + 84*z + z**3 - 89*z. Let i be l(8). What is the greatest common factor of i and 5?
5
Suppose 4*o = 2*t - 1554, 671 = t + o - 106. Suppose t - 12117 = -21*i. What is the greatest common divisor of i and 20?
20
Let p(j) = 4*j - 42. Let z be p(13). Let g(o) = 9*o + 5. Let w be g(z). Let v = w + -55. Calculate the greatest common divisor of 10 and v.
10
Let p(s) be the third derivative of 0*s + 0 - 11/24*s**4 + 1/60*s**5 + 45*s**2 + 17/3*s**3. Let v be p(11). Calculate the highest common divisor of v and 102.
34
Suppose -4*f = -2*p - 40 - 182, 2*f - 3*p = 117. Suppose -191*h + 945 = -184*h. Calculate the highest common divisor of f and h.
27
Let z be (-135)/60*10*(-16)/40. What is the greatest common factor of 1503 and z?
9
Let h(z) = z + 16. Let m be (-2)/(-1)*(-273)/42. Let s be h(m). Calculate the highest common divisor of 48 and s.
3
Let h be ((-40)/(-16))/((-110)/(-7084)). Calculate the greatest common factor of h and 13041.
161
Suppose 3*j - 62 = 2*l, -42 = -29*j + 28*j - 2*l. Calculate the greatest common factor of 28912 and j.
26
Suppose -175*x - 555 = -190*x. Calculate the highest common divisor of 3108 and x.
37
Let m(g) = 21*g - 167. Let w be m(17). Let q = 306 - w. What is the highest common factor of q and 4?
4
Suppose 0 = -5*w - 4*f + 11 + 8, 9 = 4*w - 3*f. Suppose l = -2*m + 107, 0*m + w*m - 4*l = 166. What is the greatest common factor of 6 and m?
6
Suppose 0*q + 4*n + 361 = -5*q, 0 = q + 2*n + 71. Let a be (-5)/(-5) - q*(-5 - -6). Calculate the highest common factor of 2 and a.
2
Suppose 4*l - 164 = -m, -5*m - 3*l + 458 = -430. Calculate the highest common factor of m and 765.
45
Let k = -3247 - -3286. What is the highest common divisor of 13 and k?
13
Suppose -2 = -2*s + 6. Let l = -5 + s. Let a be l + (-9)/(-2) + (-2)/4. What is the greatest common factor of 2 and a?
1
Suppose -109*d = -107*d - 2014. What is the greatest common factor of 19 and d?
19
Let m = -202 + 244. Suppose 2*t + x - 5 = -2*x, 2*t + 1 = 3*x. Let q be -2*t + (-16 - -24). Calculate the greatest common divisor of q and m.
6
Let u be (1634/(-30) - 33/165)*-12. Calculate the highest common divisor of 32 and u.
16
Suppose 90*y + 83*y - 9016 = -11*y. Let o be (1 - -90)*(-7)/(-1). What is the greatest common factor of y and o?
49
Let n(p) = -5*p**3 + 63*p**2 - 33*p - 19. Let v be n(12). What is the greatest common factor of v and 15147?
17
Let y = -12 + 60. Suppose 53*p - y*p = 495. Suppose 4*h - 147 = 3*u + 2*u, -3*h + 4*u = -111. What is the highest common factor of h and p?
33
Suppose 43*j = -20225 + 2982. Let m = j - -413. Calculate the greatest common factor of m and 156.
12
Suppose 2*a - 225 = -45. Suppose 0 = -11*x + 3*x + 8. Let q be (30/18)/x*6. Calculate the greatest common factor of q and a.
10
Suppose -16*o - 3 = -13*o. Let l(w) = 45*w**2 - w. Let f be l(o). Let u be 17/(f/(-16) - -3). Calculate the highest common divisor of u and 17.
17
Let v be 62/(-12) - (-730)/(-876) - (2 - 158). Calculate the highest common factor of v and 11070.
30
Let a be 2523 + (18 - (25 + -9 + -7)). What is the highest common divisor of 48 and a?
12
Let v = 42839 + -35581. What is the greatest common factor of v and 38?
38
Let v be (-5 - 2955/(-10)) + (20/(-8) - -2). What is the greatest common factor of v and 2494?
58
Let f(q) = -30*q + 680. Let j be f(22). What is the highest common divisor of j and 140?
20
Suppose 82*g = 81*g + 13. Let j(f) = f**3 + 2*f**2 - f. Let n be j(1). Calculate the highest common factor of n and g.
1
Let y be (10/30)/((-2756)/1380 - -2). Let s be (1 + (58 - -1))*46/y. What is the highest common divisor of s and 42?
6
Let r be ((-180)/(-120))/((-6)/(-272)). What is the greatest common divisor of 221 and r?
17
Let l be (-4)/(-6) - (-103)/3. Suppose k + 6*k = 0. Suppose 142 = 4*w + 2*o, 2*o - 177 = -5*w - k*o. Calculate the greatest common factor of l and w.
35
Suppose 23*d - 128 = -36. Suppose d*c = -12, -c = 2*x - 0*x - 679. What is the highest common factor of x and 31?
31
Let x be 130 + 5 - (4 - 2 - 2). Calculate the highest common factor of x and 135.
135
Let c be -10 + (15/(-40) - (-130559)/104). Calculate the greatest common divisor of 135 and c.
15
Suppose 3*p - p = 180. 